5
Let f(g) = -18*g**2 + 55*g - 136. Determine f(3).
-133
Let o(a) = a**3 + 86*a**2 + 1268*a - 88. Give o(-19).
7
Let t(f) = 34*f**2 - 256*f. Give t(8).
128
Let q(h) = 4144*h - 12425. Determine q(3).
7
Let q(n) = 5684*n + 79574. Give q(-14).
-2
Let n(q) = -q - 82. Give n(-72).
-10
Let w(a) = -a**3 + 19*a**2 + 2*a + 35. Determine w(18).
395
Let g(n) = 2*n**3 - 41*n**2 + 59*n + 31. Calculate g(19).
69
Let y(z) = -z + 24. Determine y(-4).
28
Let i(a) = 2*a**2 + 28*a - 29. Determine i(-15).
1
Let b(v) = 3*v**2 + 419*v + 1915. What is b(-135)?
25
Let s(t) = -80*t + 2189. Calculate s(27).
29
Let a(x) = -x**2 - 27*x - 228. What is a(-35)?
-508
Let x(u) = u**2 + 29*u - 3590. Give x(-76).
-18
Let s(x) = -x**2 - x + 178. Give s(0).
178
Let u(f) = -f + 57. What is u(-11)?
68
Let p(n) = -n**3 - 46*n**2 + 370*n - 63. What is p(-53)?
-10
Let a(t) = -4*t**3 - 27*t**2 + 14*t - 15. Calculate a(-8).
193
Let d(m) = 61*m - 1764. Calculate d(30).
66
Let w(p) = 808*p - 799. Give w(1).
9
Let w(u) = u**3 + 4*u**2 - 24*u - 101. Calculate w(-5).
-6
Let o(c) = -c**3 - 58*c**2 + 2*c + 127. Calculate o(-58).
11
Let b(p) = -2*p**2 - 15*p + 32. Give b(14).
-570
Let d(g) = 603*g - 25326. What is d(42)?
0
Let z(n) = 80*n**3 + n**2 + 61*n + 61. Determine z(-1).
-79
Let o(m) = 531*m + 553. What is o(-1)?
22
Let n(a) = 56*a - 1948. What is n(39)?
236
Let b(k) = k**2 + 18*k - 1168. Calculate b(-44).
-24
Let i(c) = c**3 - 53*c**2 + 542*c - 25517. What is i(52)?
-37
Let r(m) = 8221*m - 32876. What is r(4)?
8
Let d(a) = 4*a**3 - 119*a**2 + 633*a + 22. Calculate d(7).
-6
Let g(t) = -75*t - 3081. Give g(-39).
-156
Let h(m) = -m**3 + 32*m**2 - 183*m - 35. Calculate h(8).
37
Let i(y) = 436*y + 85020. What is i(-195)?
0
Let l(f) = -10*f**2 + 74*f + 498. Calculate l(-7).
-510
Let a(s) = 1297*s + 7791. Give a(-6).
9
Let n(v) = -2*v + 74. What is n(48)?
-22
Let k(v) = 40*v - 4466. Give k(113).
54
Let i(s) = -s**2 + 23*s - 113. What is i(19)?
-37
Let i(k) = -k**3 - 17*k**2 - 62*k + 15. Give i(-12).
39
Let o(h) = -1890*h + 1896. Calculate o(1).
6
Let r(x) = 573*x - 42981. Calculate r(75).
-6
Let t(s) = -s**2 - 115*s + 80. Calculate t(0).
80
Let u(m) = -5*m**2 - 16*m + 61. Calculate u(2).
9
Let b(f) = -26*f**2 - 959*f + 139. What is b(-37)?
28
Let m(i) = i**3 + 98*i**2 + 288*i + 271. What is m(-95)?
-14
Let y(j) = -39*j + 2840. Give y(79).
-241
Let h(s) = s**2 - 67*s - 3014. Calculate h(98).
24
Let h(d) = -d**3 + 50*d + 200. Give h(-5).
75
Let y(x) = x**3 - 19*x**2 + 11*x + 140. Calculate y(18).
14
Let n(v) = -v**3 + 5*v**2 + 17*v + 1. What is n(6)?
67
Let o(i) = 27*i**2 - 317*i - 854. Give o(14).
0
Let w(o) = -196*o - 1573. Calculate w(-8).
-5
Let y(t) = -t**2 + 98*t + 7. Give y(99).
-92
Let z(d) = -55*d - 549. Give z(-8).
-109
Let z(i) = 2*i**3 - 41*i**2 + 30*i - 195. Calculate z(20).
5
Let k(n) = -4213*n - 42122. Calculate k(-10).
8
Let v(b) = -1308*b - 125579. What is v(-96)?
-11
Let n(d) = 546*d + 2164. What is n(-4)?
-20
Let j(r) = 1211*r - 8426. Calculate j(7).
51
Let i(f) = f**3 - 17*f**2 - 14*f + 391. What is i(15)?
-269
Let o(n) = n**3 + 7*n**2 - 1177*n - 37. Give o(31).
-6
Let s(t) = t**3 - 18*t**2 - 128*t - 380. What is s(24)?
4
Let t(c) = 6*c**3 + 12*c**2 - 23*c + 1. Calculate t(3).
202
Let m(y) = 98*y + 661. Calculate m(-7).
-25
Let s(v) = 453*v - 25375. Calculate s(56).
-7
Let i(h) = h**3 + 23*h**2 - 48*h - 41. Determine i(-25).
-91
Let w(j) = -21*j**2 + 159*j - 17. Give w(7).
67
Let l(o) = 14*o + 17. Give l(-2).
-11
Let w(b) = -31*b + 3333. What is w(105)?
78
Let o(i) = 3*i**2 + 24*i - 23. Determine o(-7).
-44
Let o(u) = 2*u**3 + 16*u**2 + 4*u + 20. Determine o(-6).
140
Let a(o) = 6*o**2 + 10*o + 35. Give a(6).
311
Let a(r) = 13*r**2 - 490*r - 137. What is a(38)?
15
Let h(r) = -r**3 + 2*r**2 + 492*r - 3181. Determine h(7).
18
Let h(c) = 116*c**3 + 3*c**2 - 20*c - 22. Give h(-1).
-115
Let v(k) = k**3 - 84*k**2 + 248*k - 406. Calculate v(81).
-1
Let i(s) = -3*s**3 + 186*s**2 + 36. Give i(62).
36
Let q(z) = -2*z**3 - 2*z**2 + 2*z + 4. Calculate q(2).
-16
Let n(c) = -740*c + 2214. What is n(3)?
-6
Let c(i) = -2456*i - 12272. What is c(-5)?
8
Let f(r) = -5*r + 171. Determine f(15).
96
Let m(k) = -4*k**3 - 10*k + 7. Determine m(0).
7
Let z(u) = 69*u + 4066. Calculate z(-59).
-5
Let v(q) = q**3 - 2*q**2 - 22*q + 51. Calculate v(3).
-6
Let c(b) = -b**3 + 162*b**2 - 634*b - 4. Calculate c(4).
-12
Let m(b) = 25992*b + 25999. Determine m(-1).
7
Let b(n) = -2*n**3 + 11*n**2 + 10*n - 64. Give b(5).
11
Let r(f) = f**3 - 25*f**2 + 52*f - 42. Give r(22).
-350
Let t(d) = -3*d**2 - 65*d - 109. What is t(-20)?
-9
Let o(j) = -j**3 - 22*j**2 + 131*j - 13. Determine o(-27).
95
Let a(r) = -11*r**2 - 36*r - 22. Give a(-6).
-202
Let q(a) = 2*a**2 - 50*a + 32. Determine q(24).
-16
Let g(i) = -11654*i - 139857. Give g(-12).
-9
Let z(u) = u**3 + 58*u**2 + 150*u - 775. Give z(-55).
50
Let h(t) = 6*t + 193. Determine h(-10).
133
Let b(l) = -2*l**2 - 87*l - 655. Give b(-34).
-9
Let n(f) = -f**2 - 6*f + 9. What is n(-10)?
-31
Let p(u) = -2890*u - 28906. Calculate p(-10).
-6
Let z(s) = -s**2 - 398*s - 10382. What is z(-28)?
-22
Let l(t) = 216*t + 7. Give l(1).
223
Let y(s) = 6*s**2 - 167*s + 14. Calculate y(25).
-411
Let d(r) = 983*r - 3870. What is d(4)?
62
Let i(q) = -62*q**3 + 14*q**2 - 10*q - 3. Calculate i(1).
-61
Let f(r) = r**3 - 25*r**2 - r + 58. What is f(25)?
33
Let s(n) = n**2 - 47*n - 7. What is s(4)?
-179
Let u(h) = -291*h - 26798. Give u(-92).
-26
Let b(t) = 2*t**3 + 21*t**2 - 2*t - 114. Calculate b(-10).
6
Let a(j) = -2*j**3 + 17*j**2 + 12*j - 15. Give a(8).
145
Let k(u) = -3*u**3 - 38*u**2 + 44*u - 169. Determine k(-14).
-1
Let n(t) = -33*t - 428. What is n(-13)?
1
Let r(x) = -24705*x + 7. Calculate r(0).
7
Let r(q) = 930*q - 51157. What is r(55)?
-7
Let u(x) = -6*x + 22. Give u(17).
-80
Let v(m) = 4*m**2 + 95*m - 386. What is v(-28)?
90
Let r(l) = -55*l + 152. Determine r(-13).
867
Let q(g) = -2*g**2 - 20*g - 25. What is q(14)?
-697
Let i(u) = u**2 + 111*u + 2019. What is i(-84)?
-249
Let i(z) = -z**3 + 113*z**2 - 109*z - 54. Calculate i(112).
282
Let v(r) = -2*r**3 - 34*r**2 + 74*r - 11. What is v(-19)?
27
Let v(t) = t**3 - 133*t**2 - 3951*t - 29. What is v(-25)?
-4
Let j(l) = 147*l + 29427. Give j(-200).
27
Let q(r) = 13*r**2 + 947*r - 1184. Determine q(-74).
-74
Let t(p) = -3*p**3 + 7*p**2 + 30*p - 145. What is t(5)?
-195
Let f(w) = w**2 + 132*w - 2401. Determine f(17).
132
Let y(p) = p**3 + 16*p**2 - 88*p + 30. What is y(4)?
-2
Let s(m) = -2*m**2 - 109*m + 400. Determine s(-58).
-6
Let g(o) = 253*o + 4046. Calculate g(-16).
-2
Let m(j) = 2*j**3 + 430*j**2 - 871*j - 645. Determine m(-217).
6
Let s(t) = -117*t + 677. Determine s(6).
-25
Let g(r) = -11*r + 13. Determine g(-12).
145
Let x(w) = 1670*w + 8356. Calculate x(-5).
6
Let n(r) = 2*r**2 - 662*r - 6819. Calculate n(-10).
1
Let s(y) = 34*y**2 + 37*y - 46. Determine s(-2).
16
Let j(z) = z**3 - 7*z**2 - 215*z + 1426. Give j(15).
1
Let y(o) = 2*o**3 + 29*o**2 + 4*o - 102. Determine y(-14).
38
Let j(l) = -17*l + 183. What is j(13)?
-38
Let t(x) = 9*x**2 + 49*x + 25. Calculate t(-5).
5
Let i(x) = -x**3 - 3*x**2 - 18*x - 33. Determine i(0).
-33
Let g(k) = k**3 - 2*k**2 + 100*k - 439. Calculate g(4).
-7
Let n(f) = -f**3 + 17*f**2 - 15*f - 18. Calculate n(16).
-2
Let k(r) = -r**3 + r**2 + 227*r - 1027. Determine k(5).
8
Let w(l) = -268*l - 2382. What is w(-9)?
30
Let w(v) = -17*v**2 + 718*v + 555. Determine w(43).
-4
Let s(g) = g**3 + 12*g**2 - 5*g - 85. What is s(-10)?
165
Let t(s) = -28*s - 892. Calculate t(-32).
4
Let w(c) = -17*c + 134. What is w(5)?
49
Let r(f) = -13*f + 630. What is r(50)?
-20
Let h(p) = 7*p**2 - 10*p - 33. Give h(4).
39
Let o(p) = -14*p - 2. Give o(-1).
12
Let g(p) = p**2 + 19*p - 229. Calculate g(-25).
-79
Let g(m) = m**3 - 18*m**2 + 47*m - 78. Give g(15).
-48
Let j(l) = 5*l**2 - 34*l - 178. Calculate j(-5).
117
Let m(d) = -867*d + 4344. Calculate m(5).
9
Let q(o) = -o**2 - 430*o + 1293. Calculate q(3).
-6
Let m(g) = -12*g - 653. Determine m(-56).
19
Let u(h) = -h**3 + 16*h**2 - 6*h - 15. Give u(8).
449
Let g(i) = -i**3 + 91*i**2 + 291*i - 877. Give g(94).
-31
Let g(f) = 77*f**2 - 392*f + 21. Determine g(5).
-14
Let u(j) = -j**3 + 8*j**2 - 10*j + 21. What is u(12)?
-675
Let d(i) = -5*i**3 - 231*i**2 - 47*i - 56. Give